Last updated on 2022-04-24 03:52:29 CEST.
Flavor | Version | Tinstall | Tcheck | Ttotal | Status | Flags |
---|---|---|---|---|---|---|
r-devel-linux-x86_64-debian-clang | 0.1.0 | 2.04 | 31.40 | 33.44 | NOTE | |
r-devel-linux-x86_64-debian-gcc | 0.1.0 | 1.34 | 23.74 | 25.08 | NOTE | |
r-devel-linux-x86_64-fedora-clang | 0.1.0 | 39.82 | NOTE | |||
r-devel-linux-x86_64-fedora-gcc | 0.1.0 | 28.69 | NOTE | |||
r-patched-linux-x86_64 | 0.1.0 | 2.21 | 29.87 | 32.08 | NOTE | |
r-release-linux-x86_64 | 0.1.0 | 1.64 | 29.25 | 30.89 | NOTE | |
r-release-macos-arm64 | 0.1.0 | NOTE | ||||
r-release-macos-x86_64 | 0.1.0 | NOTE | ||||
r-release-windows-x86_64 | 0.1.0 | 7.00 | 45.00 | 52.00 | NOTE | |
r-oldrel-macos-arm64 | 0.1.0 | NOTE | ||||
r-oldrel-macos-x86_64 | 0.1.0 | NOTE | ||||
r-oldrel-windows-ix86+x86_64 | 0.1.0 | 5.00 | 35.00 | 40.00 | NOTE |
Version: 0.1.0
Check: LazyData
Result: NOTE
'LazyData' is specified without a 'data' directory
Flavors: r-devel-linux-x86_64-debian-clang, r-devel-linux-x86_64-debian-gcc, r-devel-linux-x86_64-fedora-clang, r-devel-linux-x86_64-fedora-gcc, r-patched-linux-x86_64, r-release-linux-x86_64, r-release-macos-arm64, r-release-macos-x86_64, r-release-windows-x86_64, r-oldrel-macos-arm64, r-oldrel-macos-x86_64, r-oldrel-windows-ix86+x86_64