Last updated on 2022-04-24 03:52:29 CEST.
Flavor | Version | Tinstall | Tcheck | Ttotal | Status | Flags |
---|---|---|---|---|---|---|
r-devel-linux-x86_64-debian-clang | 1.0.4 | 45.17 | 43.74 | 88.91 | OK | |
r-devel-linux-x86_64-debian-gcc | 1.0.4 | 39.13 | 33.32 | 72.45 | OK | |
r-devel-linux-x86_64-fedora-clang | 1.0.4 | 124.53 | NOTE | |||
r-devel-linux-x86_64-fedora-gcc | 1.0.4 | 102.39 | OK | |||
r-patched-linux-x86_64 | 1.0.4 | 44.83 | 42.20 | 87.03 | OK | |
r-release-linux-x86_64 | 1.0.4 | 39.86 | 40.31 | 80.17 | OK | |
r-release-macos-arm64 | 1.0.4 | NOTE | ||||
r-release-macos-x86_64 | 1.0.4 | NOTE | ||||
r-release-windows-x86_64 | 1.0.4 | 43.00 | 78.00 | 121.00 | OK | |
r-oldrel-macos-arm64 | 1.0.4 | NOTE | ||||
r-oldrel-macos-x86_64 | 1.0.4 | NOTE | ||||
r-oldrel-windows-ix86+x86_64 | 1.0.4 | 100.00 | 76.00 | 176.00 | OK |
Version: 1.0.4
Check: installed package size
Result: NOTE
installed size is 13.6Mb
sub-directories of 1Mb or more:
libs 13.4Mb
Flavors: r-devel-linux-x86_64-fedora-clang, r-release-macos-arm64, r-release-macos-x86_64, r-oldrel-macos-arm64, r-oldrel-macos-x86_64