Last updated on 2022-04-24 03:52:29 CEST.
Flavor | Version | Tinstall | Tcheck | Ttotal | Status | Flags |
---|---|---|---|---|---|---|
r-devel-linux-x86_64-debian-clang | 0.1.5 | 5.86 | 87.61 | 93.47 | NOTE | |
r-devel-linux-x86_64-debian-gcc | 0.1.5 | 4.78 | 65.95 | 70.73 | NOTE | |
r-devel-linux-x86_64-fedora-clang | 0.1.5 | 115.28 | NOTE | |||
r-devel-linux-x86_64-fedora-gcc | 0.1.5 | 99.56 | NOTE | |||
r-patched-linux-x86_64 | 0.1.5 | 5.38 | 82.38 | 87.76 | NOTE | |
r-release-linux-x86_64 | 0.1.5 | 5.87 | 78.02 | 83.89 | NOTE | |
r-release-macos-arm64 | 0.1.5 | NOTE | ||||
r-release-macos-x86_64 | 0.1.5 | NOTE | ||||
r-release-windows-x86_64 | 0.1.5 | 23.00 | 122.00 | 145.00 | NOTE | |
r-oldrel-macos-arm64 | 0.1.5 | NOTE | ||||
r-oldrel-macos-x86_64 | 0.1.5 | NOTE | ||||
r-oldrel-windows-ix86+x86_64 | 0.1.5 | 16.00 | 98.00 | 114.00 | NOTE |
Version: 0.1.5
Check: R code for possible problems
Result: NOTE
as.matrix.multiPhylo : tip2tip: no visible global function definition
for 'cophenetic'
bw.nn : <anonymous>: no visible global function definition for
'quantile'
dist.diss: no visible binding for global variable 'median'
dist.diss: no visible global function definition for 'dist'
hist.kdetrees: no visible binding for global variable 'density'
kdetrees : cutoff: no visible global function definition for 'quantile'
kdetrees.complete: no visible global function definition for 'hist'
kdetrees.complete: no visible global function definition for
'write.csv'
plot.kdetrees: no visible binding for global variable 'density'
Undefined global functions or variables:
cophenetic density dist hist median quantile write.csv
Consider adding
importFrom("graphics", "hist")
importFrom("stats", "cophenetic", "density", "dist", "median",
"quantile")
importFrom("utils", "write.csv")
to your NAMESPACE file.
Flavors: r-devel-linux-x86_64-debian-clang, r-devel-linux-x86_64-debian-gcc, r-devel-linux-x86_64-fedora-clang, r-devel-linux-x86_64-fedora-gcc, r-patched-linux-x86_64, r-release-linux-x86_64, r-release-macos-arm64, r-release-macos-x86_64, r-release-windows-x86_64, r-oldrel-macos-arm64, r-oldrel-macos-x86_64, r-oldrel-windows-ix86+x86_64