Last updated on 2022-04-24 03:52:29 CEST.
Flavor | Version | Tinstall | Tcheck | Ttotal | Status | Flags |
---|---|---|---|---|---|---|
r-devel-linux-x86_64-debian-clang | 0.6.0 | 137.89 | 206.80 | 344.69 | OK | |
r-devel-linux-x86_64-debian-gcc | 0.6.0 | 116.31 | 155.73 | 272.04 | WARN | |
r-devel-linux-x86_64-fedora-clang | 0.6.0 | 452.09 | NOTE | |||
r-devel-linux-x86_64-fedora-gcc | 0.6.0 | 430.65 | OK | |||
r-patched-linux-x86_64 | 0.6.0 | 123.26 | 174.70 | 297.96 | OK | |
r-release-linux-x86_64 | 0.6.0 | 123.21 | 157.41 | 280.62 | OK | |
r-release-macos-arm64 | 0.6.0 | NOTE | ||||
r-release-macos-x86_64 | 0.6.0 | NOTE | ||||
r-release-windows-x86_64 | 0.6.0 | 139.00 | 275.00 | 414.00 | OK | |
r-oldrel-macos-arm64 | 0.6.0 | NOTE | ||||
r-oldrel-macos-x86_64 | 0.6.0 | NOTE | ||||
r-oldrel-windows-ix86+x86_64 | 0.6.0 | 281.00 | 270.00 | 551.00 | NOTE |
Version: 0.6.0
Check: whether package can be installed
Result: WARN
Found the following significant warnings:
/usr/include/c++/12/array:61:36: warning: array subscript 18446744073709551615 is above array bounds of ‘std::__array_traits<double, 1>::_Type’ {aka ‘const double [1]’} [-Warray-bounds]
Flavor: r-devel-linux-x86_64-debian-gcc
Version: 0.6.0
Check: installed package size
Result: NOTE
installed size is 15.2Mb
sub-directories of 1Mb or more:
doc 1.4Mb
libs 13.5Mb
Flavors: r-devel-linux-x86_64-fedora-clang, r-release-macos-arm64, r-release-macos-x86_64, r-oldrel-macos-arm64, r-oldrel-macos-x86_64, r-oldrel-windows-ix86+x86_64