Last updated on 2022-04-24 03:52:29 CEST.
Flavor | Version | Tinstall | Tcheck | Ttotal | Status | Flags |
---|---|---|---|---|---|---|
r-devel-linux-x86_64-debian-clang | 1.0.3 | 13.89 | 124.81 | 138.70 | OK | |
r-devel-linux-x86_64-debian-gcc | 1.0.3 | 9.64 | 89.71 | 99.35 | OK | |
r-devel-linux-x86_64-fedora-clang | 1.0.3 | 169.87 | NOTE | |||
r-devel-linux-x86_64-fedora-gcc | 1.0.3 | 155.85 | OK | |||
r-patched-linux-x86_64 | 1.0.3 | 12.77 | 119.53 | 132.30 | OK | |
r-release-linux-x86_64 | 1.0.3 | 11.01 | 119.86 | 130.87 | OK | |
r-release-macos-arm64 | 1.0.3 | OK | ||||
r-release-macos-x86_64 | 1.0.3 | OK | ||||
r-release-windows-x86_64 | 1.0.3 | 30.00 | 202.00 | 232.00 | OK | |
r-oldrel-macos-arm64 | 1.0.3 | OK | ||||
r-oldrel-macos-x86_64 | 1.0.3 | OK | ||||
r-oldrel-windows-ix86+x86_64 | 1.0.3 | 21.00 | 146.00 | 167.00 | OK |
Version: 1.0.3
Check: Rd cross-references
Result: NOTE
Undeclared packages ‘nor1mix’, ‘ks’, ‘sm’, ‘locfit’, ‘orthopolynom’ in Rd xrefs
Flavor: r-devel-linux-x86_64-fedora-clang