Last updated on 2022-04-24 03:52:29 CEST.
Flavor | Version | Tinstall | Tcheck | Ttotal | Status | Flags |
---|---|---|---|---|---|---|
r-devel-linux-x86_64-debian-clang | 0.9.4 | 7.01 | 194.46 | 201.47 | NOTE | |
r-devel-linux-x86_64-debian-gcc | 0.9.4 | 4.84 | 134.59 | 139.43 | NOTE | |
r-devel-linux-x86_64-fedora-clang | 0.9.4 | 233.97 | NOTE | |||
r-devel-linux-x86_64-fedora-gcc | 0.9.4 | 224.33 | NOTE | |||
r-patched-linux-x86_64 | 0.9.4 | 5.69 | 185.33 | 191.02 | NOTE | |
r-release-linux-x86_64 | 0.9.4 | 5.15 | 160.17 | 165.32 | NOTE | |
r-release-macos-arm64 | 0.9.4 | NOTE | ||||
r-release-macos-x86_64 | 0.9.4 | NOTE | ||||
r-release-windows-x86_64 | 0.9.4 | 110.00 | 188.00 | 298.00 | NOTE | |
r-oldrel-macos-arm64 | 0.9.4 | NOTE | ||||
r-oldrel-macos-x86_64 | 0.9.4 | NOTE | ||||
r-oldrel-windows-ix86+x86_64 | 0.9.4 | 18.00 | 189.00 | 207.00 | NOTE |
Version: 0.9.4
Check: LazyData
Result: NOTE
'LazyData' is specified without a 'data' directory
Flavors: r-devel-linux-x86_64-debian-clang, r-devel-linux-x86_64-debian-gcc, r-devel-linux-x86_64-fedora-clang, r-devel-linux-x86_64-fedora-gcc, r-patched-linux-x86_64, r-release-linux-x86_64, r-release-macos-arm64, r-release-macos-x86_64, r-release-windows-x86_64, r-oldrel-macos-arm64, r-oldrel-macos-x86_64, r-oldrel-windows-ix86+x86_64