Last updated on 2022-04-24 03:52:29 CEST.
Flavor | Version | Tinstall | Tcheck | Ttotal | Status | Flags |
---|---|---|---|---|---|---|
r-devel-linux-x86_64-debian-clang | 0.1.0.5 | 14.27 | 133.49 | 147.76 | OK | |
r-devel-linux-x86_64-debian-gcc | 0.1.0.5 | 11.48 | 99.72 | 111.20 | OK | |
r-devel-linux-x86_64-fedora-clang | 0.1.0.5 | 177.70 | NOTE | |||
r-devel-linux-x86_64-fedora-gcc | 0.1.0.5 | 162.77 | NOTE | |||
r-patched-linux-x86_64 | 0.1.0.5 | 11.02 | 124.53 | 135.55 | OK | |
r-release-linux-x86_64 | 0.1.0.5 | 8.24 | 120.77 | 129.01 | OK | |
r-release-macos-arm64 | 0.1.0.5 | NOTE | ||||
r-release-macos-x86_64 | 0.1.0.5 | NOTE | ||||
r-release-windows-x86_64 | 0.1.0.5 | 37.00 | 157.00 | 194.00 | OK | |
r-oldrel-macos-arm64 | 0.1.0.5 | NOTE | ||||
r-oldrel-macos-x86_64 | 0.1.0.5 | NOTE | ||||
r-oldrel-windows-ix86+x86_64 | 0.1.0.5 | 30.00 | 143.00 | 173.00 | OK |
Version: 0.1.0.5
Check: dependencies in R code
Result: NOTE
Namespace in Imports field not imported from: ‘keras’
All declared Imports should be used.
Flavors: r-devel-linux-x86_64-fedora-clang, r-devel-linux-x86_64-fedora-gcc, r-release-macos-arm64, r-release-macos-x86_64, r-oldrel-macos-arm64, r-oldrel-macos-x86_64