Last updated on 2022-04-24 03:52:29 CEST.
Flavor | Version | Tinstall | Tcheck | Ttotal | Status | Flags |
---|---|---|---|---|---|---|
r-devel-linux-x86_64-debian-clang | 0.1.0 | 6.95 | 72.45 | 79.40 | NOTE | |
r-devel-linux-x86_64-debian-gcc | 0.1.0 | 5.18 | 54.91 | 60.09 | NOTE | |
r-devel-linux-x86_64-fedora-clang | 0.1.0 | 93.28 | NOTE | |||
r-devel-linux-x86_64-fedora-gcc | 0.1.0 | 81.24 | NOTE | |||
r-patched-linux-x86_64 | 0.1.0 | 5.99 | 69.44 | 75.43 | NOTE | |
r-release-linux-x86_64 | 0.1.0 | 5.93 | 66.70 | 72.63 | NOTE | |
r-release-macos-arm64 | 0.1.0 | NOTE | ||||
r-release-macos-x86_64 | 0.1.0 | NOTE | ||||
r-release-windows-x86_64 | 0.1.0 | 22.00 | 91.00 | 113.00 | NOTE | |
r-oldrel-macos-arm64 | 0.1.0 | NOTE | ||||
r-oldrel-macos-x86_64 | 0.1.0 | NOTE | ||||
r-oldrel-windows-ix86+x86_64 | 0.1.0 | 14.00 | 83.00 | 97.00 | NOTE |
Version: 0.1.0
Check: LazyData
Result: NOTE
'LazyData' is specified without a 'data' directory
Flavors: r-devel-linux-x86_64-debian-clang, r-devel-linux-x86_64-debian-gcc, r-devel-linux-x86_64-fedora-clang, r-devel-linux-x86_64-fedora-gcc, r-patched-linux-x86_64, r-release-linux-x86_64, r-release-macos-arm64, r-release-macos-x86_64, r-release-windows-x86_64, r-oldrel-macos-arm64, r-oldrel-macos-x86_64, r-oldrel-windows-ix86+x86_64