Last updated on 2022-04-24 03:52:29 CEST.
Flavor | Version | Tinstall | Tcheck | Ttotal | Status | Flags |
---|---|---|---|---|---|---|
r-devel-linux-x86_64-debian-clang | 0.1.2 | 2.59 | 42.86 | 45.45 | OK | |
r-devel-linux-x86_64-debian-gcc | 0.1.2 | 2.08 | 32.08 | 34.16 | WARN | |
r-devel-linux-x86_64-fedora-clang | 0.1.2 | 56.30 | OK | |||
r-devel-linux-x86_64-fedora-gcc | 0.1.2 | 55.36 | WARN | |||
r-patched-linux-x86_64 | 0.1.2 | 2.28 | 41.13 | 43.41 | OK | |
r-release-linux-x86_64 | 0.1.2 | 2.34 | 40.22 | 42.56 | OK | |
r-release-macos-arm64 | 0.1.2 | OK | ||||
r-release-macos-x86_64 | 0.1.2 | OK | ||||
r-release-windows-x86_64 | 0.1.2 | 10.00 | 60.00 | 70.00 | OK | |
r-oldrel-macos-arm64 | 0.1.2 | OK | ||||
r-oldrel-macos-x86_64 | 0.1.2 | OK | ||||
r-oldrel-windows-ix86+x86_64 | 0.1.2 | 6.00 | 50.00 | 56.00 | OK |
Version: 0.1.2
Check: package dependencies
Result: WARN
Requires orphaned package: ‘circular’
Flavors: r-devel-linux-x86_64-debian-gcc, r-devel-linux-x86_64-fedora-gcc