Last updated on 2022-04-24 03:52:29 CEST.
Flavor | Version | Tinstall | Tcheck | Ttotal | Status | Flags |
---|---|---|---|---|---|---|
r-devel-linux-x86_64-debian-clang | 0.4.0 | 234.44 | 190.86 | 425.30 | OK | |
r-devel-linux-x86_64-debian-gcc | 0.4.0 | 180.39 | 134.62 | 315.01 | OK | |
r-devel-linux-x86_64-fedora-clang | 0.4.0 | 619.03 | NOTE | |||
r-devel-linux-x86_64-fedora-gcc | 0.4.0 | 530.93 | OK | |||
r-patched-linux-x86_64 | 0.4.0 | 195.83 | 176.60 | 372.43 | OK | |
r-release-linux-x86_64 | 0.4.0 | 192.50 | 166.03 | 358.53 | OK | |
r-release-macos-arm64 | 0.4.0 | NOTE | ||||
r-release-macos-x86_64 | 0.4.0 | NOTE | ||||
r-release-windows-x86_64 | 0.4.0 | 178.00 | 201.00 | 379.00 | OK | |
r-oldrel-macos-arm64 | 0.4.0 | NOTE | ||||
r-oldrel-macos-x86_64 | 0.4.0 | NOTE | ||||
r-oldrel-windows-ix86+x86_64 | 0.4.0 | 535.00 | 336.00 | 871.00 | OK |
Version: 0.4.0
Check: installed package size
Result: NOTE
installed size is 10.3Mb
sub-directories of 1Mb or more:
libs 9.8Mb
Flavors: r-devel-linux-x86_64-fedora-clang, r-release-macos-arm64, r-release-macos-x86_64, r-oldrel-macos-arm64, r-oldrel-macos-x86_64