Last updated on 2022-04-24 03:52:29 CEST.
Flavor | Version | Tinstall | Tcheck | Ttotal | Status | Flags |
---|---|---|---|---|---|---|
r-devel-linux-x86_64-debian-clang | 0.1.2 | 111.63 | 151.68 | 263.31 | OK | |
r-devel-linux-x86_64-debian-gcc | 0.1.2 | 103.98 | 119.01 | 222.99 | OK | |
r-devel-linux-x86_64-fedora-clang | 0.1.2 | 358.77 | NOTE | |||
r-devel-linux-x86_64-fedora-gcc | 0.1.2 | 353.02 | NOTE | |||
r-patched-linux-x86_64 | 0.1.2 | 109.60 | 142.44 | 252.04 | OK | |
r-release-linux-x86_64 | 0.1.2 | 115.15 | 132.91 | 248.06 | OK | |
r-release-macos-arm64 | 0.1.2 | NOTE | ||||
r-release-macos-x86_64 | 0.1.2 | NOTE | ||||
r-release-windows-x86_64 | 0.1.2 | 109.00 | 216.00 | 325.00 | OK | |
r-oldrel-macos-arm64 | 0.1.2 | NOTE | ||||
r-oldrel-macos-x86_64 | 0.1.2 | NOTE | ||||
r-oldrel-windows-ix86+x86_64 | 0.1.2 | 257.00 | 235.00 | 492.00 | OK |
Version: 0.1.2
Check: installed package size
Result: NOTE
installed size is 13.0Mb
sub-directories of 1Mb or more:
libs 12.5Mb
Flavors: r-devel-linux-x86_64-fedora-clang, r-release-macos-arm64, r-release-macos-x86_64, r-oldrel-macos-arm64, r-oldrel-macos-x86_64
Version: 0.1.2
Check: dependencies in R code
Result: NOTE
Namespace in Imports field not imported from: ‘RcppProgress’
All declared Imports should be used.
Flavors: r-devel-linux-x86_64-fedora-clang, r-devel-linux-x86_64-fedora-gcc, r-release-macos-arm64, r-release-macos-x86_64, r-oldrel-macos-arm64, r-oldrel-macos-x86_64