Last updated on 2022-04-24 03:52:29 CEST.
Flavor | Version | Tinstall | Tcheck | Ttotal | Status | Flags |
---|---|---|---|---|---|---|
r-devel-linux-x86_64-debian-clang | 1.3.5 | 3.11 | 52.44 | 55.55 | NOTE | |
r-devel-linux-x86_64-debian-gcc | 1.3.5 | 2.71 | 40.91 | 43.62 | NOTE | |
r-devel-linux-x86_64-fedora-clang | 1.3.5 | 67.44 | NOTE | |||
r-devel-linux-x86_64-fedora-gcc | 1.3.5 | 56.16 | NOTE | |||
r-patched-linux-x86_64 | 1.3.5 | 3.58 | 51.11 | 54.69 | NOTE | |
r-release-linux-x86_64 | 1.3.5 | 3.45 | 49.90 | 53.35 | NOTE | |
r-release-macos-arm64 | 1.3.5 | NOTE | ||||
r-release-macos-x86_64 | 1.3.5 | NOTE | ||||
r-release-windows-x86_64 | 1.3.5 | 46.00 | 73.00 | 119.00 | NOTE | |
r-oldrel-macos-arm64 | 1.3.5 | NOTE | ||||
r-oldrel-macos-x86_64 | 1.3.5 | NOTE | ||||
r-oldrel-windows-ix86+x86_64 | 1.3.5 | 7.00 | 65.00 | 72.00 | NOTE |
Version: 1.3.5
Check: LazyData
Result: NOTE
'LazyData' is specified without a 'data' directory
Flavors: r-devel-linux-x86_64-debian-clang, r-devel-linux-x86_64-debian-gcc, r-devel-linux-x86_64-fedora-clang, r-devel-linux-x86_64-fedora-gcc, r-patched-linux-x86_64, r-release-linux-x86_64, r-release-macos-arm64, r-release-macos-x86_64, r-release-windows-x86_64, r-oldrel-macos-arm64, r-oldrel-macos-x86_64, r-oldrel-windows-ix86+x86_64