Last updated on 2022-04-24 03:52:29 CEST.
Flavor | Version | Tinstall | Tcheck | Ttotal | Status | Flags |
---|---|---|---|---|---|---|
r-devel-linux-x86_64-debian-clang | 0.1.1 | 14.55 | 92.28 | 106.83 | NOTE | |
r-devel-linux-x86_64-debian-gcc | 0.1.1 | 9.03 | 68.97 | 78.00 | NOTE | |
r-devel-linux-x86_64-fedora-clang | 0.1.1 | 126.04 | NOTE | |||
r-devel-linux-x86_64-fedora-gcc | 0.1.1 | 118.69 | NOTE | |||
r-patched-linux-x86_64 | 0.1.1 | 15.23 | 85.88 | 101.11 | NOTE | |
r-release-linux-x86_64 | 0.1.1 | 7.07 | 85.58 | 92.65 | NOTE | |
r-release-macos-arm64 | 0.1.1 | NOTE | ||||
r-release-macos-x86_64 | 0.1.1 | NOTE | ||||
r-release-windows-x86_64 | 0.1.1 | 38.00 | 119.00 | 157.00 | NOTE | |
r-oldrel-macos-arm64 | 0.1.1 | NOTE | ||||
r-oldrel-macos-x86_64 | 0.1.1 | NOTE | ||||
r-oldrel-windows-ix86+x86_64 | 0.1.1 | 26.00 | 104.00 | 130.00 | NOTE |
Version: 0.1.1
Check: LazyData
Result: NOTE
'LazyData' is specified without a 'data' directory
Flavors: r-devel-linux-x86_64-debian-clang, r-devel-linux-x86_64-debian-gcc, r-devel-linux-x86_64-fedora-clang, r-devel-linux-x86_64-fedora-gcc, r-patched-linux-x86_64, r-release-linux-x86_64, r-release-macos-arm64, r-release-macos-x86_64, r-release-windows-x86_64, r-oldrel-macos-arm64, r-oldrel-macos-x86_64, r-oldrel-windows-ix86+x86_64
Version: 0.1.1
Check: dependencies in R code
Result: NOTE
Namespaces in Imports field not imported from:
‘Biostrings’ ‘Rsamtools’ ‘rtracklayer’
All declared Imports should be used.
Flavors: r-devel-linux-x86_64-fedora-clang, r-devel-linux-x86_64-fedora-gcc, r-release-macos-arm64, r-release-macos-x86_64, r-oldrel-macos-arm64, r-oldrel-macos-x86_64