Last updated on 2022-04-24 03:52:29 CEST.
Flavor | Version | Tinstall | Tcheck | Ttotal | Status | Flags |
---|---|---|---|---|---|---|
r-devel-linux-x86_64-debian-clang | 0.10.2 | 16.83 | 144.74 | 161.57 | OK | |
r-devel-linux-x86_64-debian-gcc | 0.10.2 | 10.15 | 108.91 | 119.06 | OK | |
r-devel-linux-x86_64-fedora-clang | 0.10.2 | 188.03 | NOTE | |||
r-devel-linux-x86_64-fedora-gcc | 0.10.2 | 178.80 | NOTE | |||
r-patched-linux-x86_64 | 0.10.2 | 13.64 | 130.99 | 144.63 | OK | |
r-release-linux-x86_64 | 0.10.2 | 8.40 | 124.67 | 133.07 | OK | |
r-release-macos-arm64 | 0.10.2 | NOTE | ||||
r-release-macos-x86_64 | 0.10.2 | NOTE | ||||
r-release-windows-x86_64 | 0.10.2 | 150.00 | 180.00 | 330.00 | OK | |
r-oldrel-macos-arm64 | 0.10.2 | NOTE | ||||
r-oldrel-macos-x86_64 | 0.10.2 | NOTE | ||||
r-oldrel-windows-ix86+x86_64 | 0.10.2 | 29.00 | 169.00 | 198.00 | OK |
Version: 0.10.2
Check: dependencies in R code
Result: NOTE
Namespaces in Imports field not imported from:
‘fitdistrplus’ ‘plotly’
All declared Imports should be used.
Flavors: r-devel-linux-x86_64-fedora-clang, r-devel-linux-x86_64-fedora-gcc, r-release-macos-arm64, r-release-macos-x86_64, r-oldrel-macos-arm64, r-oldrel-macos-x86_64