Last updated on 2022-04-24 03:52:29 CEST.
Flavor | Version | Tinstall | Tcheck | Ttotal | Status | Flags |
---|---|---|---|---|---|---|
r-devel-linux-x86_64-debian-clang | 1.0.1 | 7.75 | 82.07 | 89.82 | OK | |
r-devel-linux-x86_64-debian-gcc | 1.0.1 | 5.11 | 61.99 | 67.10 | OK | |
r-devel-linux-x86_64-fedora-clang | 1.0.1 | 106.94 | OK | |||
r-devel-linux-x86_64-fedora-gcc | 1.0.1 | 96.18 | OK | |||
r-patched-linux-x86_64 | 1.0.1 | 6.89 | 74.69 | 81.58 | OK | |
r-release-linux-x86_64 | 1.0.1 | 6.72 | 71.74 | 78.46 | NOTE | |
r-release-macos-arm64 | 1.0.1 | OK | ||||
r-release-macos-x86_64 | 1.0.1 | OK | ||||
r-release-windows-x86_64 | 1.0.1 | 19.00 | 123.00 | 142.00 | OK | |
r-oldrel-macos-arm64 | 1.0.1 | OK | ||||
r-oldrel-macos-x86_64 | 1.0.1 | OK | ||||
r-oldrel-windows-ix86+x86_64 | 1.0.1 | 17.00 | 121.00 | 138.00 | OK |
Version: 1.0.1
Check: DESCRIPTION meta-information
Result: NOTE
Dependence on R version ‘3.6.3’ not with patchlevel 0
Flavor: r-release-linux-x86_64