Last updated on 2022-04-24 03:52:29 CEST.
Flavor | Version | Tinstall | Tcheck | Ttotal | Status | Flags |
---|---|---|---|---|---|---|
r-devel-linux-x86_64-debian-clang | 1.1.2 | 25.80 | 59.17 | 84.97 | NOTE | |
r-devel-linux-x86_64-debian-gcc | 1.1.2 | 18.30 | 44.06 | 62.36 | NOTE | |
r-devel-linux-x86_64-fedora-clang | 1.1.2 | 105.47 | NOTE | |||
r-devel-linux-x86_64-fedora-gcc | 1.1.2 | 86.58 | NOTE | |||
r-patched-linux-x86_64 | 1.1.2 | 18.73 | 55.33 | 74.06 | NOTE | |
r-release-linux-x86_64 | 1.1.2 | 21.99 | 51.07 | 73.06 | NOTE | |
r-release-macos-arm64 | 1.1.2 | NOTE | ||||
r-release-macos-x86_64 | 1.1.2 | NOTE | ||||
r-release-windows-x86_64 | 1.1.2 | 26.00 | 102.00 | 128.00 | NOTE | |
r-oldrel-macos-arm64 | 1.1.2 | NOTE | ||||
r-oldrel-macos-x86_64 | 1.1.2 | NOTE | ||||
r-oldrel-windows-ix86+x86_64 | 1.1.2 | 53.00 | 94.00 | 147.00 | NOTE |
Version: 1.1.2
Check: LazyData
Result: NOTE
'LazyData' is specified without a 'data' directory
Flavors: r-devel-linux-x86_64-debian-clang, r-devel-linux-x86_64-debian-gcc, r-devel-linux-x86_64-fedora-clang, r-devel-linux-x86_64-fedora-gcc, r-patched-linux-x86_64, r-release-linux-x86_64, r-release-macos-arm64, r-release-macos-x86_64, r-release-windows-x86_64, r-oldrel-macos-arm64, r-oldrel-macos-x86_64, r-oldrel-windows-ix86+x86_64