Last updated on 2022-04-24 03:52:29 CEST.
Flavor | Version | Tinstall | Tcheck | Ttotal | Status | Flags |
---|---|---|---|---|---|---|
r-devel-linux-x86_64-debian-clang | 0.1.0 | 2.18 | 32.77 | 34.95 | NOTE | |
r-devel-linux-x86_64-debian-gcc | 0.1.0 | 1.68 | 24.83 | 26.51 | NOTE | |
r-devel-linux-x86_64-fedora-clang | 0.1.0 | 41.18 | NOTE | |||
r-devel-linux-x86_64-fedora-gcc | 0.1.0 | 29.96 | NOTE | |||
r-patched-linux-x86_64 | 0.1.0 | 1.75 | 30.36 | 32.11 | NOTE | |
r-release-linux-x86_64 | 0.1.0 | 1.93 | 32.70 | 34.63 | NOTE | |
r-release-macos-arm64 | 0.1.0 | NOTE | ||||
r-release-macos-x86_64 | 0.1.0 | NOTE | ||||
r-release-windows-x86_64 | 0.1.0 | 9.00 | 47.00 | 56.00 | NOTE | |
r-oldrel-macos-arm64 | 0.1.0 | NOTE | ||||
r-oldrel-macos-x86_64 | 0.1.0 | NOTE | ||||
r-oldrel-windows-ix86+x86_64 | 0.1.0 | 4.00 | 38.00 | 42.00 | NOTE |
Version: 0.1.0
Check: R code for possible problems
Result: NOTE
C_zero : <anonymous>: no visible global function definition for 'runif'
get_extra_centroid_index: no visible global function definition for
'head'
get_within_cluster_ss: no visible global function definition for
'aggregate'
kmod: no visible global function definition for 'head'
kmod: no visible global function definition for 'tail'
Undefined global functions or variables:
aggregate head runif tail
Consider adding
importFrom("stats", "aggregate", "runif")
importFrom("utils", "head", "tail")
to your NAMESPACE file.
Flavors: r-devel-linux-x86_64-debian-clang, r-devel-linux-x86_64-debian-gcc, r-devel-linux-x86_64-fedora-clang, r-devel-linux-x86_64-fedora-gcc, r-patched-linux-x86_64, r-release-linux-x86_64, r-release-macos-arm64, r-release-macos-x86_64, r-release-windows-x86_64, r-oldrel-macos-arm64, r-oldrel-macos-x86_64, r-oldrel-windows-ix86+x86_64
Version: 0.1.0
Check: LazyData
Result: NOTE
'LazyData' is specified without a 'data' directory
Flavors: r-devel-linux-x86_64-debian-clang, r-devel-linux-x86_64-debian-gcc, r-devel-linux-x86_64-fedora-clang, r-devel-linux-x86_64-fedora-gcc, r-patched-linux-x86_64, r-release-linux-x86_64, r-release-macos-arm64, r-release-macos-x86_64, r-release-windows-x86_64, r-oldrel-macos-arm64, r-oldrel-macos-x86_64, r-oldrel-windows-ix86+x86_64