Last updated on 2022-04-24 03:52:29 CEST.
Flavor | Version | Tinstall | Tcheck | Ttotal | Status | Flags |
---|---|---|---|---|---|---|
r-devel-linux-x86_64-debian-clang | 1.1.0 | 4.56 | 39.73 | 44.29 | NOTE | |
r-devel-linux-x86_64-debian-gcc | 1.1.0 | 3.50 | 30.70 | 34.20 | NOTE | |
r-devel-linux-x86_64-fedora-clang | 1.1.0 | 55.18 | NOTE | |||
r-devel-linux-x86_64-fedora-gcc | 1.1.0 | 43.20 | NOTE | |||
r-patched-linux-x86_64 | 1.1.0 | 4.55 | 38.82 | 43.37 | NOTE | |
r-release-linux-x86_64 | 1.1.0 | 4.67 | 40.47 | 45.14 | NOTE | |
r-release-macos-arm64 | 1.1.0 | NOTE | ||||
r-release-macos-x86_64 | 1.1.0 | NOTE | ||||
r-release-windows-x86_64 | 1.1.0 | 39.00 | 66.00 | 105.00 | NOTE | |
r-oldrel-macos-arm64 | 1.1.0 | NOTE | ||||
r-oldrel-macos-x86_64 | 1.1.0 | NOTE | ||||
r-oldrel-windows-ix86+x86_64 | 1.1.0 | 9.00 | 53.00 | 62.00 | NOTE |
Version: 1.1.0
Check: LazyData
Result: NOTE
'LazyData' is specified without a 'data' directory
Flavors: r-devel-linux-x86_64-debian-clang, r-devel-linux-x86_64-debian-gcc, r-devel-linux-x86_64-fedora-clang, r-devel-linux-x86_64-fedora-gcc, r-patched-linux-x86_64, r-release-linux-x86_64, r-release-macos-arm64, r-release-macos-x86_64, r-release-windows-x86_64, r-oldrel-macos-arm64, r-oldrel-macos-x86_64, r-oldrel-windows-ix86+x86_64
Version: 1.1.0
Check: for non-standard things in the check directory
Result: NOTE
Found the following files/directories:
'Killed after '
Flavors: r-devel-linux-x86_64-debian-clang, r-devel-linux-x86_64-debian-gcc, r-devel-linux-x86_64-fedora-clang, r-devel-linux-x86_64-fedora-gcc, r-patched-linux-x86_64, r-release-linux-x86_64