Last updated on 2022-04-24 03:52:29 CEST.
Flavor | Version | Tinstall | Tcheck | Ttotal | Status | Flags |
---|---|---|---|---|---|---|
r-devel-linux-x86_64-debian-clang | 0.13-8 | 23.15 | 188.50 | 211.65 | NOTE | |
r-devel-linux-x86_64-debian-gcc | 0.13-8 | 21.01 | 135.57 | 156.58 | NOTE | |
r-devel-linux-x86_64-fedora-clang | 0.13-8 | 256.65 | NOTE | |||
r-devel-linux-x86_64-fedora-gcc | 0.13-8 | 233.41 | NOTE | |||
r-patched-linux-x86_64 | 0.13-8 | 22.92 | 177.16 | 200.08 | NOTE | |
r-release-linux-x86_64 | 0.13-8 | 20.61 | 169.35 | 189.96 | NOTE | |
r-release-macos-arm64 | 0.13-8 | NOTE | ||||
r-release-macos-x86_64 | 0.13-8 | NOTE | ||||
r-release-windows-x86_64 | 0.13-8 | 110.00 | 222.00 | 332.00 | NOTE | |
r-oldrel-macos-arm64 | 0.13-8 | NOTE | ||||
r-oldrel-macos-x86_64 | 0.13-8 | NOTE | ||||
r-oldrel-windows-ix86+x86_64 | 0.13-8 | 44.00 | 218.00 | 262.00 | NOTE |
Version: 0.13-8
Check: package dependencies
Result: NOTE
Packages suggested but not available for checking:
'koRpus.lang.de', 'koRpus.lang.es', 'koRpus.lang.fr',
'koRpus.lang.it', 'koRpus.lang.nl', 'koRpus.lang.pt',
'koRpus.lang.ru'
Package which this enhances but not available for checking: 'rkward'
Flavors: r-devel-linux-x86_64-debian-clang, r-devel-linux-x86_64-debian-gcc, r-devel-linux-x86_64-fedora-clang, r-devel-linux-x86_64-fedora-gcc, r-patched-linux-x86_64, r-release-linux-x86_64, r-release-macos-arm64, r-release-macos-x86_64, r-release-windows-x86_64, r-oldrel-macos-arm64, r-oldrel-macos-x86_64, r-oldrel-windows-ix86+x86_64