Last updated on 2022-04-24 03:52:29 CEST.
Flavor | Version | Tinstall | Tcheck | Ttotal | Status | Flags |
---|---|---|---|---|---|---|
r-devel-linux-x86_64-debian-clang | 0.1.5 | 2.99 | 41.76 | 44.75 | NOTE | |
r-devel-linux-x86_64-debian-gcc | 0.1.5 | 2.21 | 32.32 | 34.53 | NOTE | |
r-devel-linux-x86_64-fedora-clang | 0.1.5 | 54.53 | NOTE | |||
r-devel-linux-x86_64-fedora-gcc | 0.1.5 | 42.45 | NOTE | |||
r-patched-linux-x86_64 | 0.1.5 | 1.89 | 41.08 | 42.97 | NOTE | |
r-release-linux-x86_64 | 0.1.5 | 1.65 | 40.56 | 42.21 | NOTE | |
r-release-macos-arm64 | 0.1.5 | NOTE | ||||
r-release-macos-x86_64 | 0.1.5 | NOTE | ||||
r-release-windows-x86_64 | 0.1.5 | 13.00 | 61.00 | 74.00 | NOTE | |
r-oldrel-macos-arm64 | 0.1.5 | NOTE | ||||
r-oldrel-macos-x86_64 | 0.1.5 | NOTE | ||||
r-oldrel-windows-ix86+x86_64 | 0.1.5 | 7.00 | 50.00 | 57.00 | NOTE |
Version: 0.1.5
Check: LazyData
Result: NOTE
'LazyData' is specified without a 'data' directory
Flavors: r-devel-linux-x86_64-debian-clang, r-devel-linux-x86_64-debian-gcc, r-devel-linux-x86_64-fedora-clang, r-devel-linux-x86_64-fedora-gcc, r-patched-linux-x86_64, r-release-linux-x86_64, r-release-macos-arm64, r-release-windows-x86_64, r-oldrel-macos-arm64, r-oldrel-windows-ix86+x86_64
Version: 0.1.5
Check: LazyData
Result: NOTE
'LazyData' is specified without a 'data' directory
* checking examples ...* using check arguments '--no-clean-on-error '
Flavors: r-release-macos-x86_64, r-oldrel-macos-x86_64