Last updated on 2022-04-24 03:52:29 CEST.
Flavor | Version | Tinstall | Tcheck | Ttotal | Status | Flags |
---|---|---|---|---|---|---|
r-devel-linux-x86_64-debian-clang | 1.3 | 2.26 | 43.84 | 46.10 | NOTE | |
r-devel-linux-x86_64-debian-gcc | 1.3 | 2.55 | 33.84 | 36.39 | NOTE | |
r-devel-linux-x86_64-fedora-clang | 1.3 | 58.15 | NOTE | |||
r-devel-linux-x86_64-fedora-gcc | 1.3 | 44.80 | NOTE | |||
r-patched-linux-x86_64 | 1.3 | 3.57 | 42.45 | 46.02 | NOTE | |
r-release-linux-x86_64 | 1.3 | 3.38 | 41.61 | 44.99 | NOTE | |
r-release-macos-arm64 | 1.3 | NOTE | ||||
r-release-macos-x86_64 | 1.3 | NOTE | ||||
r-release-windows-x86_64 | 1.3 | 11.00 | 62.00 | 73.00 | NOTE | |
r-oldrel-macos-arm64 | 1.3 | NOTE | ||||
r-oldrel-macos-x86_64 | 1.3 | NOTE | ||||
r-oldrel-windows-ix86+x86_64 | 1.3 | 8.00 | 50.00 | 58.00 | NOTE |
Version: 1.3
Check: LazyData
Result: NOTE
'LazyData' is specified without a 'data' directory
Flavors: r-devel-linux-x86_64-debian-clang, r-devel-linux-x86_64-debian-gcc, r-devel-linux-x86_64-fedora-clang, r-devel-linux-x86_64-fedora-gcc, r-patched-linux-x86_64, r-release-linux-x86_64, r-release-macos-arm64, r-release-macos-x86_64, r-release-windows-x86_64, r-oldrel-macos-arm64, r-oldrel-macos-x86_64, r-oldrel-windows-ix86+x86_64