Last updated on 2022-04-24 03:52:29 CEST.
Flavor | Version | Tinstall | Tcheck | Ttotal | Status | Flags |
---|---|---|---|---|---|---|
r-devel-linux-x86_64-debian-clang | 0.4.0 | 7.37 | 103.50 | 110.87 | OK | |
r-devel-linux-x86_64-debian-gcc | 0.4.0 | 6.35 | 75.68 | 82.03 | OK | |
r-devel-linux-x86_64-fedora-clang | 0.4.0 | 137.97 | NOTE | |||
r-devel-linux-x86_64-fedora-gcc | 0.4.0 | 116.04 | NOTE | |||
r-patched-linux-x86_64 | 0.4.0 | 7.52 | 95.60 | 103.12 | OK | |
r-release-linux-x86_64 | 0.4.0 | 6.20 | 90.89 | 97.09 | OK | |
r-release-macos-arm64 | 0.4.0 | NOTE | ||||
r-release-macos-x86_64 | 0.4.0 | NOTE | ||||
r-release-windows-x86_64 | 0.4.0 | 22.00 | 119.00 | 141.00 | OK | |
r-oldrel-macos-arm64 | 0.4.0 | NOTE | ||||
r-oldrel-macos-x86_64 | 0.4.0 | NOTE | ||||
r-oldrel-windows-ix86+x86_64 | 0.4.0 | 18.00 | 109.00 | 127.00 | OK |
Version: 0.4.0
Check: dependencies in R code
Result: NOTE
Namespaces in Imports field not imported from:
‘mice’ ‘tibble’
All declared Imports should be used.
Flavors: r-devel-linux-x86_64-fedora-clang, r-devel-linux-x86_64-fedora-gcc, r-release-macos-arm64, r-release-macos-x86_64, r-oldrel-macos-arm64, r-oldrel-macos-x86_64