Last updated on 2022-04-24 03:52:29 CEST.
Flavor | Version | Tinstall | Tcheck | Ttotal | Status | Flags |
---|---|---|---|---|---|---|
r-devel-linux-x86_64-debian-clang | 1.0.1 | 12.86 | 299.00 | 311.86 | NOTE | |
r-devel-linux-x86_64-debian-gcc | 1.0.1 | 12.02 | 224.81 | 236.83 | NOTE | |
r-devel-linux-x86_64-fedora-clang | 1.0.1 | 387.64 | NOTE | |||
r-devel-linux-x86_64-fedora-gcc | 1.0.1 | 382.33 | NOTE | |||
r-patched-linux-x86_64 | 1.0.1 | 15.82 | 288.46 | 304.28 | NOTE | |
r-release-linux-x86_64 | 1.0.1 | 15.27 | 262.25 | 277.52 | NOTE | |
r-release-macos-arm64 | 1.0.1 | NOTE | ||||
r-release-macos-x86_64 | 1.0.1 | NOTE | ||||
r-release-windows-x86_64 | 1.0.1 | 24.00 | 305.00 | 329.00 | NOTE | |
r-oldrel-macos-arm64 | 1.0.1 | NOTE | ||||
r-oldrel-macos-x86_64 | 1.0.1 | NOTE | ||||
r-oldrel-windows-ix86+x86_64 | 1.0.1 | 31.00 | 304.00 | 335.00 | NOTE |
Version: 1.0.1
Check: LazyData
Result: NOTE
'LazyData' is specified without a 'data' directory
Flavors: r-devel-linux-x86_64-debian-clang, r-devel-linux-x86_64-debian-gcc, r-devel-linux-x86_64-fedora-clang, r-devel-linux-x86_64-fedora-gcc, r-patched-linux-x86_64, r-release-linux-x86_64, r-release-macos-arm64, r-release-macos-x86_64, r-release-windows-x86_64, r-oldrel-macos-arm64, r-oldrel-macos-x86_64, r-oldrel-windows-ix86+x86_64