Last updated on 2022-04-24 03:52:29 CEST.
Flavor | Version | Tinstall | Tcheck | Ttotal | Status | Flags |
---|---|---|---|---|---|---|
r-devel-linux-x86_64-debian-clang | 1.1 | 1.66 | 30.71 | 32.37 | NOTE | |
r-devel-linux-x86_64-debian-gcc | 1.1 | 1.59 | 23.43 | 25.02 | NOTE | |
r-devel-linux-x86_64-fedora-clang | 1.1 | 40.41 | NOTE | |||
r-devel-linux-x86_64-fedora-gcc | 1.1 | 28.23 | NOTE | |||
r-patched-linux-x86_64 | 1.1 | 1.72 | 26.04 | 27.76 | NOTE | |
r-release-linux-x86_64 | 1.1 | 1.95 | 28.69 | 30.64 | NOTE | |
r-release-macos-arm64 | 1.1 | NOTE | ||||
r-release-macos-x86_64 | 1.1 | NOTE | ||||
r-release-windows-x86_64 | 1.1 | 20.00 | 44.00 | 64.00 | NOTE | |
r-oldrel-macos-arm64 | 1.1 | NOTE | ||||
r-oldrel-macos-x86_64 | 1.1 | NOTE | ||||
r-oldrel-windows-ix86+x86_64 | 1.1 | 4.00 | 24.00 | 28.00 | NOTE |
Version: 1.1
Check: LazyData
Result: NOTE
'LazyData' is specified without a 'data' directory
Flavors: r-devel-linux-x86_64-debian-clang, r-devel-linux-x86_64-debian-gcc, r-devel-linux-x86_64-fedora-clang, r-devel-linux-x86_64-fedora-gcc, r-patched-linux-x86_64, r-release-linux-x86_64, r-release-macos-arm64, r-release-macos-x86_64, r-release-windows-x86_64, r-oldrel-macos-arm64, r-oldrel-macos-x86_64, r-oldrel-windows-ix86+x86_64