Last updated on 2022-04-24 03:52:29 CEST.
Flavor | Version | Tinstall | Tcheck | Ttotal | Status | Flags |
---|---|---|---|---|---|---|
r-devel-linux-x86_64-debian-clang | 1.1 | 3.03 | 33.12 | 36.15 | NOTE | |
r-devel-linux-x86_64-debian-gcc | 1.1 | 2.43 | 25.83 | 28.26 | NOTE | |
r-devel-linux-x86_64-fedora-clang | 1.1 | 45.91 | NOTE | |||
r-devel-linux-x86_64-fedora-gcc | 1.1 | 33.24 | NOTE | |||
r-patched-linux-x86_64 | 1.1 | 2.82 | 31.29 | 34.11 | NOTE | |
r-release-linux-x86_64 | 1.1 | 2.60 | 31.12 | 33.72 | NOTE | |
r-release-macos-arm64 | 1.1 | NOTE | ||||
r-release-macos-x86_64 | 1.1 | NOTE | ||||
r-release-windows-x86_64 | 1.1 | 12.00 | 48.00 | 60.00 | NOTE | |
r-oldrel-macos-arm64 | 1.1 | NOTE | ||||
r-oldrel-macos-x86_64 | 1.1 | NOTE | ||||
r-oldrel-windows-ix86+x86_64 | 1.1 | 8.00 | 47.00 | 55.00 | NOTE |
Version: 1.1
Check: DESCRIPTION meta-information
Result: NOTE
Malformed Description field: should contain one or more complete sentences.
Flavors: r-devel-linux-x86_64-debian-clang, r-devel-linux-x86_64-debian-gcc, r-devel-linux-x86_64-fedora-clang, r-devel-linux-x86_64-fedora-gcc, r-patched-linux-x86_64, r-release-linux-x86_64, r-release-macos-arm64, r-release-macos-x86_64, r-release-windows-x86_64, r-oldrel-macos-arm64, r-oldrel-macos-x86_64, r-oldrel-windows-ix86+x86_64
Version: 1.1
Check: R code for possible problems
Result: NOTE
image.kriging: no visible global function definition for 'heat.colors'
image.kriging: no visible global function definition for 'image'
kriging: no visible global function definition for 'lm'
plot.kriging: no visible global function definition for 'curve'
Undefined global functions or variables:
curve heat.colors image lm
Consider adding
importFrom("grDevices", "heat.colors")
importFrom("graphics", "curve", "image")
importFrom("stats", "lm")
to your NAMESPACE file.
Flavors: r-devel-linux-x86_64-debian-clang, r-devel-linux-x86_64-debian-gcc, r-devel-linux-x86_64-fedora-clang, r-devel-linux-x86_64-fedora-gcc, r-patched-linux-x86_64, r-release-linux-x86_64, r-release-macos-arm64, r-release-macos-x86_64, r-release-windows-x86_64, r-oldrel-macos-arm64, r-oldrel-macos-x86_64, r-oldrel-windows-ix86+x86_64
Version: 1.1
Check: compiled code
Result: NOTE
File ‘kriging/libs/kriging.so’:
Found no calls to: ‘R_registerRoutines’, ‘R_useDynamicSymbols’
It is good practice to register native routines and to disable symbol
search.
See ‘Writing portable packages’ in the ‘Writing R Extensions’ manual.
Flavors: r-devel-linux-x86_64-fedora-clang, r-devel-linux-x86_64-fedora-gcc