Last updated on 2022-04-24 03:52:29 CEST.
Flavor | Version | Tinstall | Tcheck | Ttotal | Status | Flags |
---|---|---|---|---|---|---|
r-devel-linux-x86_64-debian-clang | 2020.5-20 | 13.18 | 51.49 | 64.67 | WARN | |
r-devel-linux-x86_64-debian-gcc | 2020.5-20 | 9.84 | 38.94 | 48.78 | OK | |
r-devel-linux-x86_64-fedora-clang | 2020.5-20 | 90.36 | WARN | |||
r-devel-linux-x86_64-fedora-gcc | 2020.5-20 | 65.31 | OK | |||
r-patched-linux-x86_64 | 2020.5-20 | 9.95 | 48.19 | 58.14 | OK | |
r-release-linux-x86_64 | 2020.5-20 | 10.06 | 47.24 | 57.30 | OK | |
r-release-macos-arm64 | 2020.5-20 | OK | ||||
r-release-macos-x86_64 | 2020.5-20 | OK | ||||
r-release-windows-x86_64 | 2020.5-20 | 31.00 | 85.00 | 116.00 | OK | |
r-oldrel-macos-arm64 | 2020.5-20 | OK | ||||
r-oldrel-macos-x86_64 | 2020.5-20 | OK | ||||
r-oldrel-windows-ix86+x86_64 | 2020.5-20 | 31.00 | 98.00 | 129.00 | OK |
Version: 2020.5-20
Check: whether package can be installed
Result: WARN
Found the following significant warnings:
ProteinSequence.cpp:347:7: warning: use of bitwise '|' with boolean operands [-Wbitwise-instead-of-logical]
Flavors: r-devel-linux-x86_64-debian-clang, r-devel-linux-x86_64-fedora-clang