Last updated on 2022-04-24 03:52:29 CEST.
Flavor | Version | Tinstall | Tcheck | Ttotal | Status | Flags |
---|---|---|---|---|---|---|
r-devel-linux-x86_64-debian-clang | 0.1.2 | 18.67 | 37.37 | 56.04 | NOTE | |
r-devel-linux-x86_64-debian-gcc | 0.1.2 | 15.68 | 28.56 | 44.24 | NOTE | |
r-devel-linux-x86_64-fedora-clang | 0.1.2 | 78.40 | NOTE | |||
r-devel-linux-x86_64-fedora-gcc | 0.1.2 | 58.55 | NOTE | |||
r-patched-linux-x86_64 | 0.1.2 | 16.05 | 35.53 | 51.58 | NOTE | |
r-release-linux-x86_64 | 0.1.2 | 14.69 | 32.78 | 47.47 | NOTE | |
r-release-macos-arm64 | 0.1.2 | NOTE | ||||
r-release-macos-x86_64 | 0.1.2 | NOTE | ||||
r-release-windows-x86_64 | 0.1.2 | 22.00 | 72.00 | 94.00 | NOTE | |
r-oldrel-macos-arm64 | 0.1.2 | NOTE | ||||
r-oldrel-macos-x86_64 | 0.1.2 | NOTE | ||||
r-oldrel-windows-ix86+x86_64 | 0.1.2 | 45.00 | 63.00 | 108.00 | NOTE |
Version: 0.1.2
Check: LazyData
Result: NOTE
'LazyData' is specified without a 'data' directory
Flavors: r-devel-linux-x86_64-debian-clang, r-devel-linux-x86_64-debian-gcc, r-devel-linux-x86_64-fedora-clang, r-devel-linux-x86_64-fedora-gcc, r-patched-linux-x86_64, r-release-linux-x86_64, r-release-macos-arm64, r-release-macos-x86_64, r-release-windows-x86_64, r-oldrel-macos-arm64, r-oldrel-macos-x86_64, r-oldrel-windows-ix86+x86_64