Last updated on 2022-04-24 03:52:29 CEST.
Flavor | Version | Tinstall | Tcheck | Ttotal | Status | Flags |
---|---|---|---|---|---|---|
r-devel-linux-x86_64-debian-clang | 0.2.0 | 2.01 | 34.07 | 36.08 | NOTE | |
r-devel-linux-x86_64-debian-gcc | 0.2.0 | 1.53 | 26.34 | 27.87 | NOTE | |
r-devel-linux-x86_64-fedora-clang | 0.2.0 | 45.19 | NOTE | |||
r-devel-linux-x86_64-fedora-gcc | 0.2.0 | 32.67 | NOTE | |||
r-patched-linux-x86_64 | 0.2.0 | 1.77 | 32.99 | 34.76 | NOTE | |
r-release-linux-x86_64 | 0.2.0 | 1.71 | 30.51 | 32.22 | NOTE | |
r-release-macos-arm64 | 0.2.0 | NOTE | ||||
r-release-macos-x86_64 | 0.2.0 | NOTE | ||||
r-release-windows-x86_64 | 0.2.0 | 16.00 | 50.00 | 66.00 | NOTE | |
r-oldrel-macos-arm64 | 0.2.0 | NOTE | ||||
r-oldrel-macos-x86_64 | 0.2.0 | NOTE | ||||
r-oldrel-windows-ix86+x86_64 | 0.2.0 | 5.00 | 40.00 | 45.00 | NOTE |
Version: 0.2.0
Check: R code for possible problems
Result: NOTE
kselection: no visible global function definition for 'txtProgressBar'
kselection: no visible global function definition for
'setTxtProgressBar'
plot.Kselection: no visible global function definition for 'lines'
plot.Kselection: no visible global function definition for 'legend'
Undefined global functions or variables:
legend lines setTxtProgressBar txtProgressBar
Consider adding
importFrom("graphics", "legend", "lines")
importFrom("utils", "setTxtProgressBar", "txtProgressBar")
to your NAMESPACE file.
Flavors: r-devel-linux-x86_64-debian-clang, r-devel-linux-x86_64-debian-gcc, r-devel-linux-x86_64-fedora-clang, r-devel-linux-x86_64-fedora-gcc, r-patched-linux-x86_64, r-release-linux-x86_64, r-release-macos-arm64, r-release-macos-x86_64, r-release-windows-x86_64, r-oldrel-macos-arm64, r-oldrel-macos-x86_64, r-oldrel-windows-ix86+x86_64