Last updated on 2022-04-24 03:52:29 CEST.
Flavor | Version | Tinstall | Tcheck | Ttotal | Status | Flags |
---|---|---|---|---|---|---|
r-devel-linux-x86_64-debian-clang | 0.3-0 | 2.86 | 52.44 | 55.30 | NOTE | |
r-devel-linux-x86_64-debian-gcc | 0.3-0 | 3.08 | 41.11 | 44.19 | NOTE | |
r-devel-linux-x86_64-fedora-clang | 0.3-0 | 75.42 | NOTE | |||
r-devel-linux-x86_64-fedora-gcc | 0.3-0 | 58.83 | NOTE | |||
r-patched-linux-x86_64 | 0.3-0 | 4.21 | 50.68 | 54.89 | NOTE | |
r-release-linux-x86_64 | 0.3-0 | 3.99 | 49.18 | 53.17 | NOTE | |
r-release-macos-arm64 | 0.3-0 | OK | ||||
r-release-macos-x86_64 | 0.3-0 | OK | ||||
r-release-windows-x86_64 | 0.3-0 | 16.00 | 90.00 | 106.00 | OK | |
r-oldrel-macos-arm64 | 0.3-0 | OK | ||||
r-oldrel-macos-x86_64 | 0.3-0 | OK | ||||
r-oldrel-windows-ix86+x86_64 | 0.3-0 | 8.00 | 64.00 | 72.00 | OK |
Version: 0.3-0
Check: for non-standard things in the check directory
Result: NOTE
Found the following files/directories:
'DF7.bas' 'DF7.dat' 'DF7.rel' 'DF7.spc' 'DF7.struct'
Flavors: r-devel-linux-x86_64-debian-clang, r-devel-linux-x86_64-debian-gcc, r-devel-linux-x86_64-fedora-clang, r-devel-linux-x86_64-fedora-gcc, r-patched-linux-x86_64, r-release-linux-x86_64