Last updated on 2022-04-24 03:52:29 CEST.
Flavor | Version | Tinstall | Tcheck | Ttotal | Status | Flags |
---|---|---|---|---|---|---|
r-devel-linux-x86_64-debian-clang | 0.1.0 | 4.14 | 54.94 | 59.08 | NOTE | |
r-devel-linux-x86_64-debian-gcc | 0.1.0 | 3.18 | 40.64 | 43.82 | NOTE | |
r-devel-linux-x86_64-fedora-clang | 0.1.0 | 70.64 | NOTE | |||
r-devel-linux-x86_64-fedora-gcc | 0.1.0 | 57.95 | NOTE | |||
r-patched-linux-x86_64 | 0.1.0 | 3.67 | 51.48 | 55.15 | NOTE | |
r-release-linux-x86_64 | 0.1.0 | 3.22 | 50.76 | 53.98 | NOTE | |
r-release-macos-arm64 | 0.1.0 | NOTE | ||||
r-release-macos-x86_64 | 0.1.0 | NOTE | ||||
r-release-windows-x86_64 | 0.1.0 | 13.00 | 68.00 | 81.00 | NOTE | |
r-oldrel-macos-arm64 | 0.1.0 | NOTE | ||||
r-oldrel-macos-x86_64 | 0.1.0 | NOTE | ||||
r-oldrel-windows-ix86+x86_64 | 0.1.0 | 9.00 | 62.00 | 71.00 | NOTE |
Version: 0.1.0
Check: LazyData
Result: NOTE
'LazyData' is specified without a 'data' directory
Flavors: r-devel-linux-x86_64-debian-clang, r-devel-linux-x86_64-debian-gcc, r-devel-linux-x86_64-fedora-clang, r-devel-linux-x86_64-fedora-gcc, r-patched-linux-x86_64, r-release-linux-x86_64, r-release-macos-arm64, r-release-macos-x86_64, r-release-windows-x86_64, r-oldrel-macos-arm64, r-oldrel-macos-x86_64, r-oldrel-windows-ix86+x86_64