Last updated on 2022-04-24 03:52:29 CEST.
Flavor | Version | Tinstall | Tcheck | Ttotal | Status | Flags |
---|---|---|---|---|---|---|
r-devel-linux-x86_64-debian-clang | 2.0-1 | 14.98 | 110.09 | 125.07 | OK | |
r-devel-linux-x86_64-debian-gcc | 2.0-1 | 11.41 | 81.75 | 93.16 | OK | |
r-devel-linux-x86_64-fedora-clang | 2.0-1 | 153.53 | NOTE | |||
r-devel-linux-x86_64-fedora-gcc | 2.0-1 | 136.47 | NOTE | |||
r-patched-linux-x86_64 | 2.0-1 | 15.85 | 105.21 | 121.06 | OK | |
r-release-linux-x86_64 | 2.0-1 | 12.89 | 98.68 | 111.57 | OK | |
r-release-macos-arm64 | 2.0-1 | OK | ||||
r-release-macos-x86_64 | 2.0-1 | OK | ||||
r-release-windows-x86_64 | 2.0-1 | 45.00 | 137.00 | 182.00 | OK | |
r-oldrel-macos-arm64 | 2.0-1 | OK | ||||
r-oldrel-macos-x86_64 | 2.0-1 | OK | ||||
r-oldrel-windows-ix86+x86_64 | 2.0-1 | 31.00 | 171.00 | 202.00 | OK |
Version: 2.0-1
Check: Rd cross-references
Result: NOTE
Undeclared package ‘fso’ in Rd xrefs
Flavor: r-devel-linux-x86_64-fedora-clang
Version: 2.0-1
Check: compiled code
Result: NOTE
File ‘labdsv/libs/labdsv.so’:
Found no calls to: ‘R_registerRoutines’, ‘R_useDynamicSymbols’
It is good practice to register native routines and to disable symbol
search.
See ‘Writing portable packages’ in the ‘Writing R Extensions’ manual.
Flavors: r-devel-linux-x86_64-fedora-clang, r-devel-linux-x86_64-fedora-gcc