Last updated on 2022-04-24 03:52:29 CEST.
Flavor | Version | Tinstall | Tcheck | Ttotal | Status | Flags |
---|---|---|---|---|---|---|
r-devel-linux-x86_64-debian-clang | 0.1 | 2.24 | 35.25 | 37.49 | NOTE | |
r-devel-linux-x86_64-debian-gcc | 0.1 | 1.68 | 28.20 | 29.88 | NOTE | |
r-devel-linux-x86_64-fedora-clang | 0.1 | 47.65 | OK | |||
r-devel-linux-x86_64-fedora-gcc | 0.1 | 35.53 | OK | |||
r-patched-linux-x86_64 | 0.1 | 1.89 | 34.37 | 36.26 | NOTE | |
r-release-linux-x86_64 | 0.1 | 2.02 | 32.26 | 34.28 | NOTE | |
r-release-macos-arm64 | 0.1 | OK | ||||
r-release-macos-x86_64 | 0.1 | OK | ||||
r-release-windows-x86_64 | 0.1 | 14.00 | 56.00 | 70.00 | NOTE | |
r-oldrel-macos-arm64 | 0.1 | OK | ||||
r-oldrel-macos-x86_64 | 0.1 | OK | ||||
r-oldrel-windows-ix86+x86_64 | 0.1 | 4.00 | 48.00 | 52.00 | NOTE |
Version: 0.1
Check: package vignettes
Result: NOTE
Package vignette with placeholder title 'Vignette Title':
'labelrank.Rmd'
Flavors: r-devel-linux-x86_64-debian-clang, r-devel-linux-x86_64-debian-gcc, r-patched-linux-x86_64, r-release-linux-x86_64, r-release-windows-x86_64, r-oldrel-windows-ix86+x86_64