Last updated on 2022-04-24 03:52:29 CEST.
Flavor | Version | Tinstall | Tcheck | Ttotal | Status | Flags |
---|---|---|---|---|---|---|
r-devel-linux-x86_64-debian-clang | 1.1.0 | 18.66 | 53.62 | 72.28 | NOTE | |
r-devel-linux-x86_64-debian-gcc | 1.1.0 | 11.69 | 39.10 | 50.79 | NOTE | |
r-devel-linux-x86_64-fedora-clang | 1.1.0 | 87.89 | NOTE | |||
r-devel-linux-x86_64-fedora-gcc | 1.1.0 | 69.35 | NOTE | |||
r-patched-linux-x86_64 | 1.1.0 | 13.77 | 50.27 | 64.04 | NOTE | |
r-release-linux-x86_64 | 1.1.0 | 14.53 | 49.95 | 64.48 | NOTE | |
r-release-macos-arm64 | 1.1.0 | NOTE | ||||
r-release-macos-x86_64 | 1.1.0 | NOTE | ||||
r-release-windows-x86_64 | 1.1.0 | 20.00 | 61.00 | 81.00 | NOTE | |
r-oldrel-macos-arm64 | 1.1.0 | NOTE | ||||
r-oldrel-macos-x86_64 | 1.1.0 | NOTE | ||||
r-oldrel-windows-ix86+x86_64 | 1.1.0 | 22.00 | 53.00 | 75.00 | NOTE |
Version: 1.1.0
Check: LazyData
Result: NOTE
'LazyData' is specified without a 'data' directory
Flavors: r-devel-linux-x86_64-debian-clang, r-devel-linux-x86_64-debian-gcc, r-devel-linux-x86_64-fedora-clang, r-devel-linux-x86_64-fedora-gcc, r-patched-linux-x86_64, r-release-linux-x86_64, r-release-macos-arm64, r-release-macos-x86_64, r-release-windows-x86_64, r-oldrel-macos-arm64, r-oldrel-macos-x86_64, r-oldrel-windows-ix86+x86_64