Last updated on 2022-04-24 03:52:29 CEST.
Flavor | Version | Tinstall | Tcheck | Ttotal | Status | Flags |
---|---|---|---|---|---|---|
r-devel-linux-x86_64-debian-clang | 1.0-1 | 33.35 | 349.02 | 382.37 | OK | |
r-devel-linux-x86_64-debian-gcc | 1.0-1 | 27.56 | 253.46 | 281.02 | OK | |
r-devel-linux-x86_64-fedora-clang | 1.0-1 | 450.22 | NOTE | |||
r-devel-linux-x86_64-fedora-gcc | 1.0-1 | 432.26 | OK | |||
r-patched-linux-x86_64 | 1.0-1 | 27.74 | 326.82 | 354.56 | OK | |
r-release-linux-x86_64 | 1.0-1 | 28.91 | 298.71 | 327.62 | OK | |
r-release-macos-arm64 | 1.0-1 | NOTE | ||||
r-release-macos-x86_64 | 1.0-1 | NOTE | ||||
r-release-windows-x86_64 | 1.0-1 | 38.00 | 330.00 | 368.00 | NOTE | |
r-oldrel-macos-arm64 | 1.0-1 | NOTE | ||||
r-oldrel-macos-x86_64 | 1.0-1 | NOTE | ||||
r-oldrel-windows-ix86+x86_64 | 1.0-1 | 76.00 | 324.00 | 400.00 | NOTE |
Version: 1.0-1
Check: installed package size
Result: NOTE
installed size is 8.4Mb
sub-directories of 1Mb or more:
data 8.3Mb
Flavors: r-devel-linux-x86_64-fedora-clang, r-release-macos-arm64, r-release-macos-x86_64, r-release-windows-x86_64, r-oldrel-macos-arm64, r-oldrel-macos-x86_64, r-oldrel-windows-ix86+x86_64
Version: 1.0-1
Check: Rd cross-references
Result: NOTE
Undeclared package ‘spdep’ in Rd xrefs
Flavor: r-devel-linux-x86_64-fedora-clang