Last updated on 2022-04-24 03:52:29 CEST.
Flavor | Version | Tinstall | Tcheck | Ttotal | Status | Flags |
---|---|---|---|---|---|---|
r-devel-linux-x86_64-debian-clang | 2.1.1 | 19.75 | 37.47 | 57.22 | NOTE | |
r-devel-linux-x86_64-debian-gcc | 2.1.1 | 14.18 | 29.08 | 43.26 | NOTE | |
r-devel-linux-x86_64-fedora-clang | 2.1.1 | 78.84 | NOTE | |||
r-devel-linux-x86_64-fedora-gcc | 2.1.1 | 58.20 | NOTE | |||
r-patched-linux-x86_64 | 2.1.1 | 16.73 | 36.15 | 52.88 | NOTE | |
r-release-linux-x86_64 | 2.1.1 | 18.16 | 34.73 | 52.89 | NOTE | |
r-release-macos-arm64 | 2.1.1 | NOTE | ||||
r-release-macos-x86_64 | 2.1.1 | NOTE | ||||
r-release-windows-x86_64 | 2.1.1 | 23.00 | 75.00 | 98.00 | NOTE | |
r-oldrel-macos-arm64 | 2.1.1 | NOTE | ||||
r-oldrel-macos-x86_64 | 2.1.1 | NOTE | ||||
r-oldrel-windows-ix86+x86_64 | 2.1.1 | 50.00 | 68.00 | 118.00 | NOTE |
Version: 2.1.1
Check: for GNU extensions in Makefiles
Result: NOTE
GNU make is a SystemRequirements.
Flavors: r-devel-linux-x86_64-debian-clang, r-devel-linux-x86_64-debian-gcc, r-devel-linux-x86_64-fedora-clang, r-devel-linux-x86_64-fedora-gcc, r-patched-linux-x86_64, r-release-linux-x86_64, r-release-macos-arm64, r-release-macos-x86_64, r-release-windows-x86_64, r-oldrel-macos-arm64, r-oldrel-macos-x86_64, r-oldrel-windows-ix86+x86_64
Version: 2.1.1
Check: Rd cross-references
Result: NOTE
Undeclared package ‘gsl’ in Rd xrefs
Flavor: r-devel-linux-x86_64-fedora-clang