Last updated on 2022-04-24 03:52:29 CEST.
Flavor | Version | Tinstall | Tcheck | Ttotal | Status | Flags |
---|---|---|---|---|---|---|
r-devel-linux-x86_64-debian-clang | 1.2 | 19.63 | 76.45 | 96.08 | NOTE | |
r-devel-linux-x86_64-debian-gcc | 1.2 | 15.92 | 57.70 | 73.62 | NOTE | |
r-devel-linux-x86_64-fedora-clang | 1.2 | 126.88 | NOTE | |||
r-devel-linux-x86_64-fedora-gcc | 1.2 | 104.35 | NOTE | |||
r-patched-linux-x86_64 | 1.2 | 14.05 | 74.16 | 88.21 | NOTE | |
r-release-linux-x86_64 | 1.2 | 15.00 | 68.21 | 83.21 | NOTE | |
r-release-macos-arm64 | 1.2 | NOTE | ||||
r-release-macos-x86_64 | 1.2 | NOTE | ||||
r-release-windows-x86_64 | 1.2 | 27.00 | 113.00 | 140.00 | NOTE | |
r-oldrel-macos-arm64 | 1.2 | NOTE | ||||
r-oldrel-macos-x86_64 | 1.2 | NOTE | ||||
r-oldrel-windows-ix86+x86_64 | 1.2 | 47.00 | 122.00 | 169.00 | NOTE |
Version: 1.2
Check: LazyData
Result: NOTE
'LazyData' is specified without a 'data' directory
Flavors: r-devel-linux-x86_64-debian-clang, r-devel-linux-x86_64-debian-gcc, r-devel-linux-x86_64-fedora-clang, r-devel-linux-x86_64-fedora-gcc, r-patched-linux-x86_64, r-release-linux-x86_64, r-release-macos-arm64, r-release-macos-x86_64, r-release-windows-x86_64, r-oldrel-macos-arm64, r-oldrel-macos-x86_64, r-oldrel-windows-ix86+x86_64