Last updated on 2022-04-24 03:52:29 CEST.
Flavor | Version | Tinstall | Tcheck | Ttotal | Status | Flags |
---|---|---|---|---|---|---|
r-devel-linux-x86_64-debian-clang | 1.5.4 | 165.39 | 589.55 | 754.94 | OK | |
r-devel-linux-x86_64-debian-gcc | 1.5.4 | 138.26 | 442.78 | 581.04 | OK | |
r-devel-linux-x86_64-fedora-clang | 1.5.4 | 979.33 | OK | |||
r-devel-linux-x86_64-fedora-gcc | 1.5.4 | 891.25 | OK | |||
r-patched-linux-x86_64 | 1.5.4 | 151.98 | 571.04 | 723.02 | OK | |
r-release-linux-x86_64 | 1.5.4 | 136.38 | 532.92 | 669.30 | OK | |
r-release-macos-arm64 | 1.5.4 | NOTE | ||||
r-release-macos-x86_64 | 1.5.4 | NOTE | ||||
r-release-windows-x86_64 | 1.5.4 | 623.00 | 664.00 | 1287.00 | OK | |
r-oldrel-macos-arm64 | 1.5.4 | NOTE | ||||
r-oldrel-macos-x86_64 | 1.5.4 | NOTE | ||||
r-oldrel-windows-ix86+x86_64 | 1.5.4 | 389.00 | 1033.00 | 1422.00 | OK |
Version: 1.5.4
Check: installed package size
Result: NOTE
installed size is 6.0Mb
sub-directories of 1Mb or more:
libs 4.3Mb
Flavors: r-release-macos-arm64, r-release-macos-x86_64, r-oldrel-macos-arm64, r-oldrel-macos-x86_64