Last updated on 2022-04-24 03:52:29 CEST.
Flavor | Version | Tinstall | Tcheck | Ttotal | Status | Flags |
---|---|---|---|---|---|---|
r-devel-linux-x86_64-debian-clang | 1.1.2 | 81.71 | 209.69 | 291.40 | OK | |
r-devel-linux-x86_64-debian-gcc | 1.1.2 | 67.96 | 153.72 | 221.68 | OK | |
r-devel-linux-x86_64-fedora-clang | 1.1.2 | 379.27 | NOTE | |||
r-devel-linux-x86_64-fedora-gcc | 1.1.2 | 334.45 | OK | |||
r-patched-linux-x86_64 | 1.1.2 | 76.98 | 194.17 | 271.15 | OK | |
r-release-linux-x86_64 | 1.1.2 | 68.04 | 184.40 | 252.44 | OK | |
r-release-macos-arm64 | 1.1.2 | NOTE | ||||
r-release-macos-x86_64 | 1.1.2 | NOTE | ||||
r-release-windows-x86_64 | 1.1.2 | 133.00 | 272.00 | 405.00 | NOTE | |
r-oldrel-macos-arm64 | 1.1.2 | NOTE | ||||
r-oldrel-macos-x86_64 | 1.1.2 | NOTE | ||||
r-oldrel-windows-ix86+x86_64 | 1.1.2 | 189.00 | 299.00 | 488.00 | NOTE |
Version: 1.1.2
Check: installed package size
Result: NOTE
installed size is 5.6Mb
sub-directories of 1Mb or more:
libs 1.6Mb
shiny-landsepi 1.3Mb
Flavors: r-devel-linux-x86_64-fedora-clang, r-release-macos-arm64, r-release-macos-x86_64, r-release-windows-x86_64, r-oldrel-macos-arm64, r-oldrel-macos-x86_64, r-oldrel-windows-ix86+x86_64