Last updated on 2022-04-24 03:52:29 CEST.
Flavor | Version | Tinstall | Tcheck | Ttotal | Status | Flags |
---|---|---|---|---|---|---|
r-devel-linux-x86_64-debian-clang | 0.1-2 | 13.69 | 126.89 | 140.58 | OK | |
r-devel-linux-x86_64-debian-gcc | 0.1-2 | 10.48 | 92.84 | 103.32 | OK | |
r-devel-linux-x86_64-fedora-clang | 0.1-2 | 169.25 | NOTE | |||
r-devel-linux-x86_64-fedora-gcc | 0.1-2 | 150.60 | NOTE | |||
r-patched-linux-x86_64 | 0.1-2 | 14.89 | 119.94 | 134.83 | OK | |
r-release-linux-x86_64 | 0.1-2 | 12.03 | 115.08 | 127.11 | OK | |
r-release-macos-arm64 | 0.1-2 | NOTE | ||||
r-release-macos-x86_64 | 0.1-2 | NOTE | ||||
r-release-windows-x86_64 | 0.1-2 | 13.00 | 116.00 | 129.00 | OK | |
r-oldrel-macos-arm64 | 0.1-2 | NOTE | ||||
r-oldrel-macos-x86_64 | 0.1-2 | NOTE | ||||
r-oldrel-windows-ix86+x86_64 | 0.1-2 | 25.00 | 110.00 | 135.00 | OK |
Version: 0.1-2
Check: data for non-ASCII characters
Result: NOTE
Note: found 6 marked UTF-8 strings
Flavors: r-devel-linux-x86_64-fedora-clang, r-devel-linux-x86_64-fedora-gcc, r-release-macos-arm64, r-release-macos-x86_64, r-oldrel-macos-arm64, r-oldrel-macos-x86_64