Last updated on 2022-04-24 03:52:29 CEST.
Flavor | Version | Tinstall | Tcheck | Ttotal | Status | Flags |
---|---|---|---|---|---|---|
r-devel-linux-x86_64-debian-clang | 0.1.5-1.1 | 2.89 | 29.65 | 32.54 | OK | |
r-devel-linux-x86_64-debian-gcc | 0.1.5-1.1 | 2.48 | 22.87 | 25.35 | OK | |
r-devel-linux-x86_64-fedora-clang | 0.1.5-1.1 | 41.49 | NOTE | |||
r-devel-linux-x86_64-fedora-gcc | 0.1.5-1.1 | 28.11 | NOTE | |||
r-patched-linux-x86_64 | 0.1.5-1.1 | 3.02 | 28.53 | 31.55 | OK | |
r-release-linux-x86_64 | 0.1.5-1.1 | 2.55 | 27.65 | 30.20 | OK | |
r-release-macos-arm64 | 0.1.5-1.1 | OK | ||||
r-release-macos-x86_64 | 0.1.5-1.1 | OK | ||||
r-release-windows-x86_64 | 0.1.5-1.1 | 25.00 | 45.00 | 70.00 | OK | |
r-oldrel-macos-arm64 | 0.1.5-1.1 | OK | ||||
r-oldrel-macos-x86_64 | 0.1.5-1.1 | OK | ||||
r-oldrel-windows-ix86+x86_64 | 0.1.5-1.1 | 8.00 | 39.00 | 47.00 | OK |
Version: 0.1.5-1.1
Check: compiled code
Result: NOTE
File ‘lassoshooting/libs/lassoshooting.so’:
Found no calls to: ‘R_registerRoutines’, ‘R_useDynamicSymbols’
It is good practice to register native routines and to disable symbol
search.
See ‘Writing portable packages’ in the ‘Writing R Extensions’ manual.
Flavors: r-devel-linux-x86_64-fedora-clang, r-devel-linux-x86_64-fedora-gcc