Last updated on 2022-04-24 03:52:29 CEST.
Flavor | Version | Tinstall | Tcheck | Ttotal | Status | Flags |
---|---|---|---|---|---|---|
r-devel-linux-x86_64-debian-clang | 1.2.0 | 25.63 | 191.26 | 216.89 | OK | |
r-devel-linux-x86_64-debian-gcc | 1.2.0 | 21.84 | 141.57 | 163.41 | OK | |
r-devel-linux-x86_64-fedora-clang | 1.2.0 | 268.40 | OK | |||
r-devel-linux-x86_64-fedora-gcc | 1.2.0 | 3.13 | ERROR | |||
r-patched-linux-x86_64 | 1.2.0 | 22.94 | 173.94 | 196.88 | OK | |
r-release-linux-x86_64 | 1.2.0 | 17.65 | 171.65 | 189.30 | OK | |
r-release-macos-arm64 | 1.2.0 | OK | ||||
r-release-macos-x86_64 | 1.2.0 | OK | ||||
r-release-windows-x86_64 | 1.2.0 | 36.00 | 197.00 | 233.00 | OK | |
r-oldrel-macos-arm64 | 1.2.0 | OK | ||||
r-oldrel-macos-x86_64 | 1.2.0 | OK | ||||
r-oldrel-windows-ix86+x86_64 | 1.2.0 | 49.00 | 197.00 | 246.00 | OK |
Version: 1.2.0
Check: package dependencies
Result: ERROR
Package required but not available: ‘chebpol’
See section ‘The DESCRIPTION file’ in the ‘Writing R Extensions’
manual.
Flavor: r-devel-linux-x86_64-fedora-gcc