Last updated on 2022-04-24 03:52:29 CEST.
Flavor | Version | Tinstall | Tcheck | Ttotal | Status | Flags |
---|---|---|---|---|---|---|
r-devel-linux-x86_64-debian-clang | 1.2.1 | 16.73 | 726.08 | 742.81 | OK | |
r-devel-linux-x86_64-debian-gcc | 1.2.1 | 17.03 | 463.30 | 480.33 | OK | |
r-devel-linux-x86_64-fedora-clang | 1.2.1 | 838.10 | OK | |||
r-devel-linux-x86_64-fedora-gcc | 1.2.1 | 715.80 | OK | |||
r-patched-linux-x86_64 | 1.2.1 | 25.82 | 597.47 | 623.29 | OK | |
r-release-linux-x86_64 | 1.2.1 | 15.66 | 554.35 | 570.01 | OK | |
r-release-macos-arm64 | 1.2.1 | NOTE | ||||
r-release-macos-x86_64 | 1.2.1 | WARN | --as-cran | |||
r-release-windows-x86_64 | 1.2.1 | 119.00 | 666.00 | 785.00 | OK | |
r-oldrel-macos-arm64 | 1.2.1 | NOTE | ||||
r-oldrel-macos-x86_64 | 1.2.1 | WARN | --as-cran | |||
r-oldrel-windows-ix86+x86_64 | 1.2.1 | 36.00 | 587.00 | 623.00 | OK |
Version: 1.2.1
Check: package dependencies
Result: NOTE
Packages suggested but not available for checking: 'igraph', 'mixAK'
Flavors: r-release-macos-arm64, r-oldrel-macos-arm64
Version: 1.2.1
Check: Rd cross-references
Result: NOTE
Package unavailable to check Rd xrefs: ‘mixAK’
Flavors: r-release-macos-arm64, r-oldrel-macos-arm64
Version: 1.2.1
Flags: --as-cran
Check: CRAN incoming feasibility
Result: WARN
Maintainer: ‘Niek Den Teuling <niek.den.teuling@philips.com>’
Insufficient package version (submitted: 1.2.1, existing: 1.2.1)
Days since last update: 1
Flavors: r-release-macos-x86_64, r-oldrel-macos-x86_64
Version: 1.2.1
Flags: --as-cran
Check: package dependencies
Result: NOTE
Package suggested but not available for checking: ‘mixAK’
Flavors: r-release-macos-x86_64, r-oldrel-macos-x86_64
Version: 1.2.1
Flags: --as-cran
Check: top-level files
Result: NOTE
Files ‘README.md’ or ‘NEWS.md’ cannot be checked without ‘pandoc’ being installed.
Flavors: r-release-macos-x86_64, r-oldrel-macos-x86_64
Version: 1.2.1
Flags: --as-cran
Check: Rd cross-references
Result: NOTE
Package unavailable to check Rd xrefs: ‘mixAK’
Flavors: r-release-macos-x86_64, r-oldrel-macos-x86_64