Last updated on 2022-04-24 03:52:29 CEST.
Flavor | Version | Tinstall | Tcheck | Ttotal | Status | Flags |
---|---|---|---|---|---|---|
r-devel-linux-x86_64-debian-clang | 0.20-45 | 17.69 | 165.01 | 182.70 | OK | |
r-devel-linux-x86_64-debian-gcc | 0.20-45 | 13.81 | 119.49 | 133.30 | OK | |
r-devel-linux-x86_64-fedora-clang | 0.20-45 | 225.14 | NOTE | |||
r-devel-linux-x86_64-fedora-gcc | 0.20-45 | 195.40 | OK | |||
r-patched-linux-x86_64 | 0.20-45 | 16.10 | 155.92 | 172.02 | OK | |
r-release-linux-x86_64 | 0.20-45 | 16.99 | 148.14 | 165.13 | OK | |
r-release-macos-arm64 | 0.20-45 | OK | ||||
r-release-macos-x86_64 | 0.20-45 | OK | ||||
r-release-windows-x86_64 | 0.20-45 | 33.00 | 6.00 | 39.00 | ERROR | |
r-oldrel-macos-arm64 | 0.20-45 | OK | ||||
r-oldrel-macos-x86_64 | 0.20-45 | OK | ||||
r-oldrel-windows-ix86+x86_64 | 0.20-45 | 31.00 | 221.00 | 252.00 | OK |
Version: 0.20-45
Check: Rd cross-references
Result: NOTE
Undeclared package ‘zoo’ in Rd xrefs
Flavor: r-devel-linux-x86_64-fedora-clang
Version: 0.20-45
Check: whether package can be installed
Result: ERROR
Installation failed.
Flavor: r-release-windows-x86_64