Last updated on 2022-04-24 03:52:29 CEST.
Flavor | Version | Tinstall | Tcheck | Ttotal | Status | Flags |
---|---|---|---|---|---|---|
r-devel-linux-x86_64-debian-clang | 1.2.6 | 34.28 | 496.47 | 530.75 | OK | |
r-devel-linux-x86_64-debian-gcc | 1.2.6 | 32.96 | 355.13 | 388.09 | OK | |
r-devel-linux-x86_64-fedora-clang | 1.2.6 | 596.29 | NOTE | |||
r-devel-linux-x86_64-fedora-gcc | 1.2.6 | 557.78 | NOTE | |||
r-patched-linux-x86_64 | 1.2.6 | 33.38 | 458.86 | 492.24 | OK | |
r-release-linux-x86_64 | 1.2.6 | 31.00 | 417.64 | 448.64 | OK | |
r-release-macos-arm64 | 1.2.6 | NOTE | ||||
r-release-macos-x86_64 | 1.2.6 | NOTE | ||||
r-release-windows-x86_64 | 1.2.6 | 60.00 | 471.00 | 531.00 | OK | |
r-oldrel-macos-arm64 | 1.2.6 | NOTE | ||||
r-oldrel-macos-x86_64 | 1.2.6 | NOTE | ||||
r-oldrel-windows-ix86+x86_64 | 1.2.6 | 85.00 | 463.00 | 548.00 | OK |
Version: 1.2.6
Check: dependencies in R code
Result: NOTE
Namespace in Imports field not imported from: ‘sf’
All declared Imports should be used.
Flavors: r-devel-linux-x86_64-fedora-clang, r-devel-linux-x86_64-fedora-gcc, r-release-macos-arm64, r-release-macos-x86_64, r-oldrel-macos-arm64, r-oldrel-macos-x86_64