Last updated on 2022-04-24 03:52:29 CEST.
Flavor | Version | Tinstall | Tcheck | Ttotal | Status | Flags |
---|---|---|---|---|---|---|
r-devel-linux-x86_64-debian-clang | 0.6-29 | 6.10 | 98.65 | 104.75 | OK | |
r-devel-linux-x86_64-debian-gcc | 0.6-29 | 6.54 | 72.46 | 79.00 | OK | |
r-devel-linux-x86_64-fedora-clang | 0.6-29 | 129.52 | NOTE | |||
r-devel-linux-x86_64-fedora-gcc | 0.6-29 | 111.07 | OK | |||
r-patched-linux-x86_64 | 0.6-29 | 6.67 | 93.97 | 100.64 | OK | |
r-release-linux-x86_64 | 0.6-29 | 5.21 | 89.78 | 94.99 | OK | |
r-release-macos-arm64 | 0.6-29 | OK | ||||
r-release-macos-x86_64 | 0.6-29 | OK | ||||
r-release-windows-x86_64 | 0.6-29 | 181.00 | 126.00 | 307.00 | OK | |
r-oldrel-macos-arm64 | 0.6-29 | OK | ||||
r-oldrel-macos-x86_64 | 0.6-29 | OK | ||||
r-oldrel-windows-ix86+x86_64 | 0.6-29 | 14.00 | 109.00 | 123.00 | OK |
Version: 0.6-29
Check: Rd cross-references
Result: NOTE
Undeclared package ‘ggplot2’ in Rd xrefs
Flavor: r-devel-linux-x86_64-fedora-clang