Last updated on 2022-04-24 03:52:29 CEST.
Flavor | Version | Tinstall | Tcheck | Ttotal | Status | Flags |
---|---|---|---|---|---|---|
r-devel-linux-x86_64-debian-clang | 1.6.10 | 37.45 | 438.00 | 475.45 | NOTE | |
r-devel-linux-x86_64-debian-gcc | 1.6.10 | 34.67 | 309.61 | 344.28 | NOTE | |
r-devel-linux-x86_64-fedora-clang | 1.6.10 | 580.94 | NOTE | |||
r-devel-linux-x86_64-fedora-gcc | 1.6.10 | 524.81 | NOTE | |||
r-patched-linux-x86_64 | 1.6.10 | 39.86 | 410.46 | 450.32 | NOTE | |
r-release-linux-x86_64 | 1.6.10 | 34.59 | 390.53 | 425.12 | NOTE | |
r-release-macos-arm64 | 1.6.10 | NOTE | ||||
r-release-macos-x86_64 | 1.6.10 | NOTE | ||||
r-release-windows-x86_64 | 1.6.10 | 130.00 | 511.00 | 641.00 | NOTE | |
r-oldrel-macos-arm64 | 1.6.10 | NOTE | ||||
r-oldrel-macos-x86_64 | 1.6.10 | NOTE | ||||
r-oldrel-windows-ix86+x86_64 | 1.6.10 | 63.00 | 439.00 | 502.00 | OK |
Version: 1.6.10
Check: package dependencies
Result: NOTE
Packages suggested but not available for checking: 'gof', 'lava.tobit'
Flavors: r-devel-linux-x86_64-debian-clang, r-devel-linux-x86_64-debian-gcc, r-devel-linux-x86_64-fedora-clang, r-devel-linux-x86_64-fedora-gcc, r-patched-linux-x86_64, r-release-linux-x86_64, r-release-macos-arm64, r-release-macos-x86_64, r-release-windows-x86_64, r-oldrel-macos-arm64, r-oldrel-macos-x86_64
Version: 1.6.10
Check: installed package size
Result: NOTE
installed size is 5.1Mb
sub-directories of 1Mb or more:
R 2.1Mb
doc 2.1Mb
Flavors: r-release-macos-arm64, r-oldrel-macos-arm64