Last updated on 2022-04-24 03:52:29 CEST.
Flavor | Version | Tinstall | Tcheck | Ttotal | Status | Flags |
---|---|---|---|---|---|---|
r-devel-linux-x86_64-debian-clang | 0.0.1 | 9.27 | 121.35 | 130.62 | OK | |
r-devel-linux-x86_64-debian-gcc | 0.0.1 | 7.02 | 85.84 | 92.86 | OK | |
r-devel-linux-x86_64-fedora-clang | 0.0.1 | 154.09 | NOTE | |||
r-devel-linux-x86_64-fedora-gcc | 0.0.1 | 130.27 | NOTE | |||
r-patched-linux-x86_64 | 0.0.1 | 6.38 | 109.11 | 115.49 | OK | |
r-release-linux-x86_64 | 0.0.1 | 8.06 | 103.39 | 111.45 | OK | |
r-release-macos-arm64 | 0.0.1 | NOTE | ||||
r-release-macos-x86_64 | 0.0.1 | WARN | --as-cran | |||
r-release-windows-x86_64 | 0.0.1 | 18.00 | 140.00 | 158.00 | OK | |
r-oldrel-macos-arm64 | 0.0.1 | NOTE | ||||
r-oldrel-macos-x86_64 | 0.0.1 | WARN | --as-cran | |||
r-oldrel-windows-ix86+x86_64 | 0.0.1 | 19.00 | 118.00 | 137.00 | OK |
Version: 0.0.1
Check: dependencies in R code
Result: NOTE
Namespaces in Imports field not imported from:
‘dplyr’ ‘raster’
All declared Imports should be used.
Flavors: r-devel-linux-x86_64-fedora-clang, r-devel-linux-x86_64-fedora-gcc, r-release-macos-arm64, r-oldrel-macos-arm64
Version: 0.0.1
Flags: --as-cran
Check: CRAN incoming feasibility
Result: WARN
Maintainer: ‘Marco Sciaini <marco@kaldera.dev>’
Insufficient package version (submitted: 0.0.1, existing: 0.0.1)
Days since last update: 1
Flavors: r-release-macos-x86_64, r-oldrel-macos-x86_64
Version: 0.0.1
Flags: --as-cran
Check: top-level files
Result: NOTE
Files ‘README.md’ or ‘NEWS.md’ cannot be checked without ‘pandoc’ being installed.
Flavors: r-release-macos-x86_64, r-oldrel-macos-x86_64
Version: 0.0.1
Flags: --as-cran
Check: examples
Result: NOTE
Examples with CPU (user + system) or elapsed time > 5s
user system elapsed
plot_tiltedmaps 5.774 0.296 6.101
Flavors: r-release-macos-x86_64, r-oldrel-macos-x86_64