Last updated on 2022-04-24 03:52:29 CEST.
Flavor | Version | Tinstall | Tcheck | Ttotal | Status | Flags |
---|---|---|---|---|---|---|
r-devel-linux-x86_64-debian-clang | 1.1.0 | 2.00 | 32.21 | 34.21 | NOTE | |
r-devel-linux-x86_64-debian-gcc | 1.1.0 | 1.50 | 24.54 | 26.04 | NOTE | |
r-devel-linux-x86_64-fedora-clang | 1.1.0 | 42.49 | OK | |||
r-devel-linux-x86_64-fedora-gcc | 1.1.0 | 29.37 | OK | |||
r-patched-linux-x86_64 | 1.1.0 | 1.70 | 30.78 | 32.48 | NOTE | |
r-release-linux-x86_64 | 1.1.0 | 1.92 | 29.38 | 31.30 | NOTE | |
r-release-macos-arm64 | 1.1.0 | OK | ||||
r-release-macos-x86_64 | 1.1.0 | OK | ||||
r-release-windows-x86_64 | 1.1.0 | 14.00 | 47.00 | 61.00 | OK | |
r-oldrel-macos-arm64 | 1.1.0 | OK | ||||
r-oldrel-macos-x86_64 | 1.1.0 | OK | ||||
r-oldrel-windows-ix86+x86_64 | 1.1.0 | 4.00 | 39.00 | 43.00 | OK |
Version: 1.1.0
Check: R code for possible problems
Result: NOTE
Found the following calls to attach():
File 'lazyData/R/requireData.R':
attach(NULL, pos = pos, name = searchDataName)
See section 'Good practice' in '?attach'.
Flavors: r-devel-linux-x86_64-debian-clang, r-devel-linux-x86_64-debian-gcc, r-patched-linux-x86_64, r-release-linux-x86_64