Last updated on 2022-04-24 03:52:29 CEST.
Flavor | Version | Tinstall | Tcheck | Ttotal | Status | Flags |
---|---|---|---|---|---|---|
r-devel-linux-x86_64-debian-clang | 0.1.0 | 9.25 | 80.32 | 89.57 | NOTE | |
r-devel-linux-x86_64-debian-gcc | 0.1.0 | 6.38 | 59.50 | 65.88 | NOTE | |
r-devel-linux-x86_64-fedora-clang | 0.1.0 | 103.99 | NOTE | |||
r-devel-linux-x86_64-fedora-gcc | 0.1.0 | 90.26 | NOTE | |||
r-patched-linux-x86_64 | 0.1.0 | 14.72 | 75.01 | 89.73 | NOTE | |
r-release-linux-x86_64 | 0.1.0 | 7.29 | 71.59 | 78.88 | NOTE | |
r-release-macos-arm64 | 0.1.0 | NOTE | ||||
r-release-macos-x86_64 | 0.1.0 | NOTE | ||||
r-release-windows-x86_64 | 0.1.0 | 26.00 | 94.00 | 120.00 | NOTE | |
r-oldrel-macos-arm64 | 0.1.0 | NOTE | ||||
r-oldrel-macos-x86_64 | 0.1.0 | NOTE | ||||
r-oldrel-windows-ix86+x86_64 | 0.1.0 | 20.00 | 80.00 | 100.00 | NOTE |
Version: 0.1.0
Check: LazyData
Result: NOTE
'LazyData' is specified without a 'data' directory
Flavors: r-devel-linux-x86_64-debian-clang, r-devel-linux-x86_64-debian-gcc, r-devel-linux-x86_64-fedora-clang, r-devel-linux-x86_64-fedora-gcc, r-patched-linux-x86_64, r-release-linux-x86_64, r-release-macos-arm64, r-release-macos-x86_64, r-release-windows-x86_64, r-oldrel-macos-arm64, r-oldrel-macos-x86_64, r-oldrel-windows-ix86+x86_64