Last updated on 2022-04-24 03:52:29 CEST.
Flavor | Version | Tinstall | Tcheck | Ttotal | Status | Flags |
---|---|---|---|---|---|---|
r-devel-linux-x86_64-debian-clang | 1.9.5 | 138.39 | 482.92 | 621.31 | OK | |
r-devel-linux-x86_64-debian-gcc | 1.9.5 | 119.82 | 330.90 | 450.72 | OK | |
r-devel-linux-x86_64-fedora-clang | 1.9.5 | 776.09 | NOTE | |||
r-devel-linux-x86_64-fedora-gcc | 1.9.5 | 745.17 | OK | |||
r-patched-linux-x86_64 | 1.9.5 | 126.90 | 458.03 | 584.93 | OK | |
r-release-linux-x86_64 | 1.9.5 | 121.05 | 479.41 | 600.46 | OK | |
r-release-macos-arm64 | 1.9.5 | NOTE | ||||
r-release-macos-x86_64 | 1.9.5 | NOTE | ||||
r-release-windows-x86_64 | 1.9.5 | 132.00 | 509.00 | 641.00 | OK | |
r-oldrel-macos-arm64 | 1.9.5 | NOTE | ||||
r-oldrel-macos-x86_64 | 1.9.5 | NOTE | ||||
r-oldrel-windows-ix86+x86_64 | 1.9.5 | 275.00 | 609.00 | 884.00 | NOTE |
Version: 1.9.5
Check: installed package size
Result: NOTE
installed size is 5.6Mb
sub-directories of 1Mb or more:
R 1.3Mb
doc 1.8Mb
libs 2.0Mb
Flavors: r-devel-linux-x86_64-fedora-clang, r-release-macos-arm64, r-release-macos-x86_64, r-oldrel-macos-arm64, r-oldrel-macos-x86_64, r-oldrel-windows-ix86+x86_64